actors of 32253460?
2, 5, 211, 7643
What are the prime factors of 930088?
2, 19, 29, 211
List the prime factors of 10927845.
3, 5, 61, 1327
List the prime factors of 19141663.
31, 617473
What are the prime factors of 9584720?
2, 5, 119809
List the prime factors of 23448376.
2, 7, 418721
What are the prime factors of 1030338?
2, 3, 57241
What are the prime factors of 4677797?
83, 56359
What are the prime factors of 1404201?
3, 468067
What are the prime factors of 1234951?
1234951
What are the prime factors of 6070569?
3, 59, 34297
List the prime factors of 1808157.
3, 13, 71, 653
List the prime factors of 7900693.
787, 10039
List the prime factors of 25831387.
337, 76651
What are the prime factors of 1189765?
5, 149, 1597
What are the prime factors of 15319956?
2, 3, 1063, 1201
List the prime factors of 2038261.
97, 21013
List the prime factors of 210418.
2, 13, 8093
What are the prime factors of 17316190?
2, 5, 29, 71
What are the prime factors of 2572574?
2, 1286287
What are the prime factors of 5202221?
17, 103, 2971
List the prime factors of 1113386.
2, 556693
What are the prime factors of 10579385?
5, 2115877
List the prime factors of 11990714.
2, 241, 24877
List the prime factors of 60805.
5, 12161
List the prime factors of 3034759.
7, 13, 33349
List the prime factors of 701123.
197, 3559
List the prime factors of 4064690.
2, 5, 7, 58067
What are the prime factors of 936617?
11, 85147
What are the prime factors of 7669124?
2, 1917281
List the prime factors of 1995981.
3, 13, 61, 839
List the prime factors of 2900375.
5, 23203
What are the prime factors of 309813?
3, 7, 14753
What are the prime factors of 5270757?
3, 1756919
What are the prime factors of 708083?
71, 9973
List the prime factors of 1540192.
2, 48131
List the prime factors of 2837538.
2, 3, 11, 17, 281
What are the prime factors of 137659?
137659
What are the prime factors of 5866304?
2, 71, 1291
List the prime factors of 5187328.
2, 23, 881
What are the prime factors of 3904553?
41, 95233
What are the prime factors of 54461?
11, 4951
What are the prime factors of 706531?
7, 14419
What are the prime factors of 21375783?
3, 11, 13, 17, 977
What are the prime factors of 3147538?
2, 541, 2909
What are the prime factors of 6367870?
2, 5, 43, 59, 251
List the prime factors of 433511.
13, 33347
List the prime factors of 98028.
2, 3, 7, 389
What are the prime factors of 15177430?
2, 5, 17, 73, 1223
What are the prime factors of 317683?
107, 2969
What are the prime factors of 242313?
3, 37, 59
List the prime factors of 2027104.
2, 63347
What are the prime factors of 9250688?
2, 72271
What are the prime factors of 4216899?
3, 31, 45343
What are the prime factors of 95309?
191, 499
List the prime factors of 3671459.
11, 333769
List the prime factors of 5662868.
2, 101, 107, 131
List the prime factors of 811791.
3, 90199
List the prime factors of 1605053.
1605053
What are the prime factors of 786013?
786013
What are the prime factors of 3776980?
2, 5, 127, 1487
List the prime factors of 15341572.
2, 197, 19469
What are the prime factors of 3562299?
3, 13, 17, 199
List the prime factors of 154190.
2, 5, 17, 907
List the prime factors of 1638653.
1638653
List the prime factors of 189687.
3, 53, 1193
List the prime factors of 89252.
2, 53, 421
What are the prime factors of 5836288?
2, 11399
What are the prime factors of 248628?
2, 3, 20719
List the prime factors of 137524.
2, 34381
List the prime factors of 896182.
2, 7, 64013
What are the prime factors of 81799?
81799
List the prime factors of 2359682.
2, 13, 47, 1931
List the prime factors of 3232081.
3232081
What are the prime factors of 9126084?
2, 3, 11, 47, 1471
List the prime factors of 799723.
799723
What are the prime factors of 205102?
2, 102551
List the prime factors of 10912046.
2, 61, 89443
What are the prime factors of 10726534?
2, 7, 13, 58937
List the prime factors of 18540116.
2, 7, 23, 28789
What are the prime factors of 748194?
2, 3, 124699
List the prime factors of 2249246.
2, 787, 1429
What are the prime factors of 951553?
951553
What are the prime factors of 229565?
5, 7, 937
List the prime factors of 247736.
2, 173, 179
What are the prime factors of 494472?
2, 3, 11, 1873
List the prime factors of 3001752.
2, 3, 13, 1069
What are the prime factors of 1388376?
2, 3, 11, 1753
What are the prime factors of 3038177?
3038177
List the prime factors of 21502186.
2, 19, 379, 1493
List the prime factors of 3677881.
3677881
What are the prime factors of 52459?
11, 19, 251
What are the prime factors of 650399?
263, 2473
What are the prime factors of 259506?
2, 3, 13, 1109
What are the prime factors of 18233500?
2, 5, 36467
What are the prime factors of 18444898?
2, 17, 542497
What are the prime factors of 168740?
2, 5, 11, 13, 59
What are the prime factors of 585903?
3, 19, 541
List the prime factors of 5464337.
773, 7069
What are the prime factors of 5383108?
2, 1345777
What are the prime factors of 1811738?
2, 101, 8969
List the prime factors of 6904009.
7, 986287
List the prime factors of 104777.
29, 3613
List the prime factors of 29231.
29231
List the prime factors of 1317888.
2, 3, 11, 13
What are the prime factors of 27950543?
23, 109, 11149
List the prime factors of 1213818.
2, 3, 101, 2003
What are the prime factors of 2863147?
7, 409021
What are the prime factors of 27395376?
2, 3, 570737
List the prime factors of 540393.
3, 7, 25733
List the prime factors of 666176.
2, 7, 1487
What are the prime factors of 11161532?
2, 23, 121321
What are the prime factors of 260391?
3, 29, 41, 73
What are the prime factors of 3295088?
2, 41, 5023
List the prime factors of 8174293.
41, 199373
What are the prime factors of 184390?
2, 5, 18439
List the prime factors of 438264.
2, 3, 2029
List the prime factors of 3626973.
3, 7, 57571
List the prime factors of 3732410.
2, 5, 11, 33931
List the prime factors of 1083465.
3, 5, 24077
List the prime factors of 3996558.
2, 3, 239, 929
List the prime factors of 109522.
2, 7, 7823
List the prime factors of 406872.
2, 3, 5651
What are the prime factors of 244751?
13, 67, 281
What are the prime factors of 63263?
41, 1543
List the prime factors of 69183.
3, 7687
What are the prime factors of 3578391?
3, 132533
What are the prime factors of 3410460?
2, 3, 5, 18947
List the prime factors of 25218810.
2, 3, 5, 23, 31, 131
What are the prime factors of 194300?
2, 5, 29, 67
List the prime factors of 15783025.
5, 313, 2017
List the prime factors of 106524.
2, 3, 11, 269
What are the prime factors of 465642?
2, 3, 8623
List the prime factors of 680075.
5, 11, 2473
What are the prime factors of 338541?
3, 7, 47
List the prime factors of 4570504.
2, 349, 1637
List the prime factors of 1405945.
5, 281189
What are the prime factors of 17971705?
5, 167, 21523
What are the prime factors of 11369419?
11369419
What are the prime factors of 422758?
2, 7, 30197
List the prime factors of 2586064.
2, 13, 12433
List the prime factors of 238319.
67, 3557
What are the prime factors of 281648?
2, 29, 607
List the prime factors of 161659.
161659
What are the prime factors of 490316?
2, 122579
List the prime factors of 3743500.
2, 5, 7487
What are the prime factors of 1736691?
3, 11, 52627
List the prime factors of 776415.
3, 5, 191, 271
List the prime factors of 311543.
19, 863
List the prime factors of 15820364.
2, 7, 565013
List the prime factors of 92823.
3, 30941
List the prime factors of 507146.
2, 253573
What are the prime factors of 214151?
7, 30593
List the prime factors of 2838932.
2, 17, 83, 503
List the prime factors of 730713.
3, 29, 37, 227
What are the prime factors of 4164703?
1163, 3581
What are the prime factors of 104810?
2, 5, 47, 223
List the prime factors of 3842834.
2, 1921417
List the prime factors of 1228040.
2, 5, 11, 2791
List the prime factors of 1644202.
2, 7, 117443
What are the prime factors of 34322?
2, 131
List the prime factors of 637286.
2, 13, 127, 193
What are the prime factors of 190102?
2, 11, 8641
List the prime factors of 64902.
2, 3, 29, 373
What are the prime factors of 2893427?
43, 67289
List the prime factors of 7176773.
7176773
List the prime factors of 128171.
67, 1913
What are the prime factors of 63865?
5, 53, 241
What are the prime factors of 3683791?
193, 19087
List 